at are the prime factors of r?
311
Let o(y) = 2*y**2 + 4*y. Let p be (-4)/2 - (-9)/((-81)/(-18)). Let j be o(p). Suppose 3*d - 2*c - 497 = j, -c + 5*c - 175 = -d. What are the prime factors of d?
167
Let x = 2310 + 10480. List the prime factors of x.
2, 5, 1279
Suppose -20216 = -3*z - 5*r, -59*r = -4*z - 56*r + 27003. List the prime factors of z.
3, 13, 173
Let l(v) = -v**2 - 14*v - 15. Let x = 62 - 22. Suppose -4*b - x = b. List the prime factors of l(b).
3, 11
Let r(g) = 29*g**2 - 8*g - 11. Let n be r(-5). Suppose 0 = 3*t - 4*c - n, -4*t + 1114 = 4*c + 62. Let k = -147 + t. What are the prime factors of k?
3, 37
Let v(c) = -c**2 - 16*c + 21. Let q be v(-17). Suppose 0 = 3*a + 363 - 1227. Suppose q*l = l + a. What are the prime factors of l?
2, 3
Suppose -9*r = -10*r - 2*w - 5, 5*w = 2*r + 19. List the prime factors of 4 + 363 - r/((-21)/(-6)).
3, 41
Suppose 0 = -5*z - t + 1319, -8*t + 8 = -6*t. Let o = z + 190. What are the prime factors of o?
3, 151
Let y(c) = 5*c**2 + 53*c + 3. List the prime factors of y(44).
3, 5, 89
Let g = 19737 - -13775. List the prime factors of 30/25 + g/40.
839
Let p = 180 + -243. Let m = p + 142. List the prime factors of m.
79
Let b = 3 - 59. Let x be (-63)/6*32/b. Suppose 0 = w - x*w, -5*w = -3*h + 474. List the prime factors of h.
2, 79
Let f(p) = -19*p - 14. Let v be f(-1). Suppose 271 = 4*r + 43. Suppose -v*c - 2*x + 374 = 0, -3*c + 3*x = r - 273. What are the prime factors of c?
2, 37
Let o be 11/7 - (-9)/21. Let d be -6*(o - 21/9). Suppose -i = -d + 3, -5*i = -z + 97. What are the prime factors of z?
2, 23
Suppose 14*x - 17745 = 7*x. List the prime factors of x.
3, 5, 13
Suppose 0 = -10*h + 7 + 73. Suppose -h = 4*w - 0. List the prime factors of w*(-2)/(-12) + 80/6.
13
Let x(a) = -a**3 - 3*a**2 - 4*a - 1. Let q be x(-2). Suppose 1338 = q*m - 5*n, 0*m + 867 = 2*m + 5*n. Suppose -125 = 2*z - m. What are the prime factors of z?
2, 79
Let o = -641 - -710. Suppose 0 = -7*m + 4*m + 54. List the prime factors of ((-299)/o)/((-1)/m).
2, 3, 13
Let z be (28 + -10)*(-5)/(-10). Let c(s) = 4*s**2 + 3*s - 4. List the prime factors of c(z).
347
Let b = 537 + 557. Let k = b - -242. List the prime factors of k.
2, 167
Let u = 110 - 104. What are the prime factors of 396 - 2*(-9)/u?
3, 7, 19
Let t(x) = 18*x**2 - 2*x - 1. Let s be t(-1). Suppose 0 = a + 27 - s. What are the prime factors of (-40)/6*6/a?
5
Suppose -l = 10 - 25. Let f(y) = 2*y**2 - 8*y - 15. What are the prime factors of f(l)?
3, 5, 7
What are the prime factors of ((-62)/217 + 230/7)*518?
2, 3, 19, 37
Let m be ((-110860)/(-30))/(1/3 - 0). List the prime factors of 5/((-55)/(-2)) + m/253.
2, 11
Suppose -244*z + 9599792 - 925836 = 0. What are the prime factors of z?
19, 1871
Let h be 10/20*104/(-12)*3. Let m(d) = -76*d - 4. List the prime factors of m(h).
2, 3, 41
Let z(g) be the third derivative of -13*g**6/24 - g**5/30 + g**3/6 + 906*g**2 - 1. Suppose -2*n - 5 = 3*n. List the prime factors of z(n).
2
Let p = 913 - 513. Suppose -10 = 13*z - p. List the prime factors of z.
2, 3, 5
Suppose -z + 1177 = 4*o - 6866, -4*o - 3*z + 8033 = 0. Suppose -21*s + 23*s = o. List the prime factors of s.
2, 503
Suppose -24*n - 74*n + 614950 = 0. List the prime factors of n.
5, 251
Let h(i) = -i + 8 - 3 - 7. Let p be h(6). List the prime factors of 332/(p/(-5 + 1)).
2, 83
Let l = 26453 - 2631. What are the prime factors of l?
2, 43, 277
Let o(c) = 449*c - 6408. What are the prime factors of o(42)?
2, 3, 5, 83
List the prime factors of ((-2)/4)/((1/(-11744))/1).
2, 367
Let l be 53 - (-1 - (-12)/(-3)). Suppose -l - 20 = -u. List the prime factors of u.
2, 3, 13
Let a = 206046 - 117858. What are the prime factors of a?
2, 3, 7349
Let f(u) = -2*u + 21. Let z(h) = -h**2 - 2*h + 15. Let t be z(4). Let y be f(t). Suppose -5*l = -y - 81. List the prime factors of l.
2, 3
Suppose 48 = -356*b + 368*b. Suppose 748 = m + 3*l, 3*l - 8 - b = 0. What are the prime factors of m?
2, 23
What are the prime factors of 10476 - (-3 + 25 - 15)?
19, 29
Let p(i) = -64 - i + 4*i + 19*i**2 - 6*i**2 - 12*i. What are the prime factors of p(-11)?
2, 3, 67
Suppose 4*r = -c + 27610, 115*c = -5*r + 110*c + 34490. What are the prime factors of r?
2, 863
Let z = 26649 + -6455. List the prime factors of z.
2, 23, 439
Let k(x) be the second derivative of -5*x**4/8 - x**3/6 - 31*x**2/2 + 5*x. Let l(f) be the first derivative of k(f). List the prime factors of l(-6).
89
Suppose -3*i + 3*c = 238 + 578, 0 = 4*i - 5*c + 1092. Let a = 364 + i. List the prime factors of a.
2, 3
Suppose 2*b - 4*h + 6 = 0, -2*b + 22 = 3*h + 7. Suppose -4*j + 3580 = 5*t - b*j, -4*j - 1454 = -2*t. Let y = -473 + t. List the prime factors of y.
2, 61
Let z = 11 + 13. Suppose -22*m - 736 = -z*m. List the prime factors of m.
2, 23
Suppose -q + 4*s = -s + 89, 4*q + 2*s + 312 = 0. Let c = 315 + q. Suppose v + 5*d + 130 = 3*v, 2*d = -4*v + c. List the prime factors of v.
2, 3, 5
Suppose -42 = -3*m - 27. Suppose 0 = 3*x - 4*t + 170, -3*t = -2*t - m. List the prime factors of (x*(3 + -2))/((-16)/80).
2, 5
Suppose 5*o - 2*q - 23 = 0, 5*o - 13 = -4*q + 16. Let r(a) = -a - 4. Let l be r(o). List the prime factors of (-2)/(-6) - 312/l.
5, 7
Let o(x) = -x**3 + 6*x**2 + 4*x - 242. List the prime factors of o(-11).
7, 11, 23
Suppose -3*l + j + 379 = -0*l, -3*l + 3*j + 381 = 0. Let q = l + -57. List the prime factors of (q/9)/((-3)/(-9)) - 4.
19
What are the prime factors of 14/(-1)*(-147628)/136?
7, 13, 167
Let l(o) = -o**3 + 56*o**2 - 6*o - 2565. What are the prime factors of l(37)?
2, 2903
Let g = 40 - -104. List the prime factors of (-6)/(-8)*-2*(-158880)/g.
5, 331
Let x be 0 + 22950/(-12) + (-6)/(-4). Let y = x - -2867. What are the prime factors of y?
2, 239
Suppose 0 = -i - 4*b - 529, 5*b - 1160 = 3*i + 444. List the prime factors of (-9096)/(-26) + (-82)/i.
2, 5, 7
Suppose 4*x - o - 17 = 0, -9 = x - 5*o - 37. Suppose 551 = -0*r + 2*r - x*t, 3*r - 831 = 3*t. List the prime factors of r.
2, 5, 7
Let n = -6097 - -11872. List the prime factors of n.
3, 5, 7, 11
Let u be (-10)/(-2) - 3 - -4612. Suppose u = 405*x - 399*x. List the prime factors of x.
769
Let h(u) = -123*u + 10042. List the prime factors of h(-33).
59, 239
Suppose -25*p + 111796 = 34*p + 17*p. List the prime factors of p.
1471
Let o be 9/27 - (-2)/((-6)/25). Let h be (-1)/(o/(-36))*(-68)/3. Let k = -93 + h. What are the prime factors of k?
3
Let k = -9141 + 21421. What are the prime factors of k?
2, 5, 307
Suppose -103*y - 214*y = 0. Let g(i) be the second derivative of i**4/2 + 62*i**2 + i. What are the prime factors of g(y)?
2, 31
Let c be 6 + (-323 - (-1 + 1)). Let x = c - -993. List the prime factors of x.
2, 13
List the prime factors of ((-3150)/8)/21*(-20 - 0).
3, 5
Let a(x) = 282*x**2 + 50*x - 217. List the prime factors of a(-6).
5, 41, 47
Let w be -169 + (2 + 0 - 3). List the prime factors of (0 - 9380/(-34)) + (-20)/w.
2, 3, 23
Suppose 18*j - 9*j - 900 = 0. Let c be (-14)/5*(j/(-8))/5. Suppose 3*h + 16 = c*h. List the prime factors of h.
2
Let t(p) = 3*p**3 - 4*p**2 - 5*p + 6. Let m(r) = -r**3 - 13*r**2 + 2*r + 30. Let u be m(-13). What are the prime factors of t(u)?
2, 3, 19
Let w = -3430 - -3556. What are the prime factors of w?
2, 3, 7
Let r(a) = 2*a**2 - a - 33. Let t be r(6). Suppose i + t = 4*j, -5*j + 0*i + 39 = i. What are the prime factors of j?
2
What are the prime factors of ((119/(-51) - -5) + -5)*16446/(-1)?
2, 7, 2741
Let i = -7132 - -11375. What are the prime factors of i?
4243
Let w(i) be the first derivative of i**3/3 + 5*i**2/2 - 20*i + 1. Let l be ((25/(-2))/5 + 3)/((-30)/1020). What are the prime factors of w(l)?
2, 23
Let l(t) = 822*t**2 - 54*t - 30. List the prime factors of l(4).
2, 3, 239
Let a(o) = 50*o**3 + 7*o**2 - 25*o + 298. List the prime factors of a(12).
2, 11, 29, 137
Let j(g) = 4*g. Let d be j(-7). Let y = d - -27. List the prime factors of 6/y + 2 + 97.
3, 31
Suppose h = 0, h + 55740 = 6*n - 2*n - 2*h. List the prime factors of n.
3, 5, 929
Let t be -1 - 15/(-13) - (-180576)/(-208). Let h = -534 - t. List the prime factors of h.
2, 167
Let f be 7/3 - 3/9. Suppose -7*c + f*c + 44 = 2*u, 0 = u - 5*c + 8. Suppose 15*z = u*z + 99. List the prime factors of z.
3, 11
Let b = 427 + -280. Let r = b + 260. List the prime factors of r.
11, 37
Suppose w